In base 4, what is -302330000222230 - 0?
-302330000222230
In base 11, what is -2 + -158910aa?
-15891101
In base 3, what is -212 + 12222002122020?
12222002121101
In base 15, what is -7 + -111d72?
-111d79
In base 7, what is 2 - 3230243565?
-3230243563
In base 11, what is -1 + -1550071?
-1550072
In base 5, what is -1322442 - -13230?
-1304212
In base 16, what is -166636a + -a?
-1666374
In base 2, what is 1010100111100010010101 + -100?
1010100111100010010001
In base 14, what is -3 - -7511b8d?
7511b8a
In base 8, what is -5726343 + -5?
-5726350
In base 2, what is 11000001101101111011110011 + 10?
11000001101101111011110101
In base 10, what is 13045874 + 0?
13045874
In base 12, what is -9508ab + 47?
-950864
In base 10, what is 135 - -8683825?
8683960
In base 3, what is -1020200000 - 2012101?
-1022212101
In base 11, what is -391 - -1a8473?
1a8092
In base 11, what is -8446973 + -2a?
-84469a2
In base 14, what is -8354c4 + 2?
-8354c2
In base 4, what is 21 + 321311330210?
321311330231
In base 12, what is -55002391 - -4?
-55002389
In base 8, what is -3075 - 12250?
-15345
In base 7, what is -56 - 303111?
-303200
In base 11, what is 7588594 + -a?
7588585
In base 11, what is 6a36a75 + 11?
6a36a86
In base 13, what is -9 + 212b968?
212b95c
In base 7, what is 0 - 33356423?
-33356423
In base 9, what is -3 + 74565241?
74565237
In base 2, what is 101110010100100010000 + -1?
101110010100100001111
In base 11, what is -a47592a + -5?
-a475934
In base 7, what is -2243630655 + 4?
-2243630651
In base 10, what is 5325 - 592?
4733
In base 2, what is 101101100101011 + 11011011101?
110001000001000
In base 4, what is 111 + -1113321101301?
-1113321101130
In base 10, what is 888972 - 1101?
887871
In base 8, what is 5 - -3052377?
3052404
In base 13, what is -1 + 799518?
799517
In base 10, what is 0 + -10775753?
-10775753
In base 10, what is 491135999 - 5?
491135994
In base 13, what is 154c484 + -5?
154c47c
In base 4, what is 101200310330 + 11?
101200311001
In base 7, what is -563104636 - 4?
-563104643
In base 4, what is 20 - 122111021121?
-122111021101
In base 4, what is 111102212032333 + 3?
111102212033002
In base 5, what is 14 - 4211003000?
-4211002431
In base 7, what is 4 + 135116206?
135116213
In base 10, what is 3062 - -5125?
8187
In base 5, what is 1 - 1442434322?
-1442434321
In base 10, what is 106109 - -18?
106127
In base 8, what is 17461 - -1716?
21377
In base 15, what is 6b9 + -570e9?
-56930
In base 11, what is 1693a0808 - -4?
1693a0811
In base 13, what is ba6b4 + 63?
ba747
In base 3, what is 222010200002222 - 2?
222010200002220
In base 8, what is -26 - -36050523?
36050475
In base 3, what is 21 + 10111001111122?
10111001111220
In base 11, what is -7 - 2125033?
-212503a
In base 8, what is -445573 - 351?
-446144
In base 2, what is -111111011010011 - 1011000111?
-1000000110011010
In base 6, what is -41 + -531330?
-531411
In base 8, what is 4627 + -337106?
-332257
In base 11, what is 3 - 288a9a1?
-288a999
In base 12, what is -2 - 2a2b82?
-2a2b84
In base 7, what is 4 - -345224044?
345224051
In base 11, what is -1210 + 60535?
5a325
In base 8, what is 13732741 - -37?
13733000
In base 8, what is 1155354 - -766?
1156342
In base 8, what is 1 - 703766434?
-703766433
In base 9, what is 7481118 - -2?
7481121
In base 11, what is 1 - -21809766?
21809767
In base 14, what is 4 - -b2482c?
b24832
In base 2, what is -1001011 - 10010010100110010?
-10010010101111101
In base 14, what is -1d239 + 11?
-1d228
In base 5, what is 43 - -14122141044?
14122141142
In base 5, what is -101114304114 + 0?
-101114304114
In base 7, what is -462521 - -322?
-462166
In base 12, what is 5 - 13775591?
-13775588
In base 2, what is 1110010000011000110 - 1?
1110010000011000101
In base 9, what is -77701 - -88?
-77602
In base 3, what is -1 - -11102020220020?
11102020220012
In base 10, what is -339 + -39144?
-39483
In base 3, what is 2102112210110 - -221?
2102112211101
In base 10, what is -31104 - 419?
-31523
In base 8, what is -20 - 7026061?
-7026101
In base 5, what is -2 - 2111122041?
-2111122043
In base 2, what is 0 + 1001111110110100101100101100?
1001111110110100101100101100
In base 5, what is -12300124 + -3214?
-12303343
In base 2, what is 1110100101011101100110001 + 10100?
1110100101011101101000101
In base 5, what is -21 - 1041300434?
-1041301010
In base 7, what is -4 - -31651333?
31651326
In base 7, what is -354 - -305553?
305166
In base 12, what is 959256 - 0?
959256
In base 12, what is 336 + 23b9?
2733
In base 6, what is -33102130 - -1142?
-33100544
In base 6, what is 2530 + -2044504?
-2041534
In base 14, what is 28c62 - -201?
29063
In base 14, what is -6 - -1071b7?
1071b1
In base 9, what is -21145 + 84?
-21051
In base 16, what is 3 + 16e6493?
16e6496
In base 5, what is -10110013 + 3?
-10110010
In base 8, what is -3 - -255532555?
255532552
In base 5, what is 13144 + 332422?
401121
In base 14, what is 15 - -263b949?
263b960
In base 2, what is 101001011101 + -111100110010?
-10011010101
In base 12, what is -4 - -b86769?
b86765
In base 13, what is -1208 + -3b64?
-506c
In base 10, what is 4 - -5729617?
5729621
In base 10, what is 114342 + 663?
115005
In base 9, what is 756 + 72770?
73636
In base 15, what is 5a8 - 12126?
-11a6d
In base 9, what is 5308 + 513?
5822
In base 2, what is 110 + 110000011101111?
110000011110101
In base 3, what is -111222200110000 + 1012?
-111222200101211
In base 3, what is -1002221122 + 10001100022?
1221101200
In base 15, what is 1e454d + 9c?
1e45ea
In base 5, what is 141442 + 2024201?
2221143
In base 5, what is 4 + -2032140142?
-2032140133
In base 12, what is -17 - 5b2655?
-5b2670
In base 7, what is -25 - -161413225?
161413200
In base 8, what is -3124000472 - -2?
-3124000470
In base 10, what is -88 + 142451?
142363
In base 2, what is 100001100000111100010000 - -10110?
100001100000111100100110
In base 6, what is 224 - -1052401?
1053025
In base 7, what is 55205210 + -2?
55205205
In base 14, what is -7824b - 9?
-78256
In base 16, what is -81d0 - c4?
-8294
In base 14, what is -44a7 - 774?
-4c3b
In base 7, what is -1 + 3522561?
3522560
In base 14, what is b + 185c267?
185c274
In base 12, what is -1b0 + 104589?
104399
In base 6, what is 23 + -421251140?
-421251113
In base 7, what is -146 - 4542540?
-4543016
In base 5, what is 242 - 14303241?
-14302444
In base 8, what is -24604 - -14511?
-10073
In base 7, what is -20 - -16325164?
16325144
In base 9, what is 3113030 - -2?
3113032
In base 13, what is 1 + 723a72?
723a73
In base 8, what is -610 + -2605505?
-2606315
In base 8, what is 2271276 - -640?
2272136
In base 13, what is 6c544 + 456?
6c99a
In base 10, what is -4 + 11980845?
11980841
In base 3, what is -1012002110122 - 10?
-1012002110202
In base 4, what is -10 + 20022123113230?
20022123113220
In base 11, what is 3 - 1a198a04?
-1a198a01
In base 14, what is -436d2 + 95?
-4363b
In base 10, what is 594761 + 0?
594761
In base 7, what is -163044 + -1014?
-164061
In base 9, what is -141452806 - -3?
-141452803
In base 15, what is 3e9e - cb7?
31d7
In base 13, what is -a06 + 17c3a?
17234
In base 16, what is 5c + 8bfef?
8c04b
In base 7, what is -212244635 - 5?
-212244643
In base 15, what is 52466b6 + -e?
52466a7
In base 12, what is -19004a + 487?
-18b783
In base 5, what is -1014 + -42410344?
-42411413
In base 5, what is -322 - -430202?
424330
In base 11, what is 73 + a91a4?
a9267
In base 10, what is 2233118 + -40?
2233078
In base 3, what is -12020121122212022001 - 0?
-12020121122212022001
In base 7, what is -32 - -22105653?
22105621
In base 12, what is -74 - -31ba?
3146
In base 15, what is c - bbc93?
-bbc86
In base 3, what is 221122112122010 + 100?
221122112122110
In base 4, what is -2003202012300 - 11?
-2003202012311
In base 4, what is -3032233312 + -10?
-3032233322
In base 8, what is -3612 - -467?
-3123
In base 3, what is -101202010 + -202111021?
-1011020101
In base 6, what is -45210 + 1005?
-44201
In base 8, what is -2036470 + 503?
-2035765
In base 12, what is -9130b7 - -1?
-9130b6
In base 7, what is -110 - -132266504?
132266364
In base 7, what is 26 - 2023440?
-2023411
In base 9, what is 110566 - 3037?
106528
In base 3, what is 2100012002 + -10111?
2100001121
In base 7, what is -353626 + -52?
-354011
In base 10, what is -21 - -2435?
2414
In base 9, what is -2444061 + 16?
-2444044
In base 7, what is